q(10)?
6
Let p be (-1 + -2)/(3/6). Let r = -5 - p. What is the units digit of r?
1
What is the units digit of -2*((-12)/3 - 24/4)?
0
Let m = -19 + 32. Suppose -m = 5*p - 38. What is the tens digit of 4/(-10) - (-57)/p?
1
Let m(s) = s**2 + s + 5. Let r be m(4). Suppose -5*y - 6*z + r = -4*z, 0 = -5*y + z + 10. Let g = 4 - y. What is the units digit of g?
1
Suppose -7 + 2 = 5*l. Let z = 5 - l. What is the units digit of z?
6
Let u(z) = z**3 + 10*z**2 - 13*z - 2. What is the units digit of u(-11)?
0
Let k(r) be the third derivative of -r**4/24 - r**3/2 - 2*r**2. Let g be k(-6). Suppose 0*j = -g*x - 5*j - 8, 12 = x - 2*j. What is the units digit of x?
4
Suppose -3 = -3*u, -65 = -4*i - 2*u - 3*u. Suppose -r - 3*k = -5*k - i, -2*k - 34 = -2*r. What is the units digit of r?
9
Let q(v) = v + 1. Let o(t) = 6*t + 3. Let k(h) = 3*o(h) - 9*q(h). Let m be (-3)/(-6) - (-1)/2. What is the units digit of k(m)?
9
Suppose -2*s - 2 = -3*z + 11, 5*z + s = 39. Suppose t - z = 5. Suppose -t = -2*o + 10. What is the units digit of o?
1
Let x(c) = -c. Let t be x(-3). Suppose -t*b + 44 = b. What is the units digit of b?
1
Let g = -5 + -4. Let p(i) = 3*i**2 + 27*i - 35. Let q(f) = -f**2 - 9*f + 12. Let b(l) = -4*p(l) - 11*q(l). What is the units digit of b(g)?
8
What is the units digit of (-2)/(-10) + 1988/35?
7
What is the tens digit of (-4)/(-18) - (-2472)/54?
4
Let z be ((-14)/(-35))/(2/80). Suppose 7*i = 3*i - z. What is the units digit of 16/6 - i/(-6)?
2
Suppose -34 = -4*c + 2*l, 5*l - 6 + 19 = -2*c. Let p be 3/c*1*118. Suppose 5*v - p = -4*s, 4*s - 61 = -4*v - 5. What is the tens digit of s?
1
Let o be (-94)/14 - 2/7. Let g = o - -14. Suppose -5*f - g = -47. What is the units digit of f?
8
Let w(n) = -n**2 + 8*n + 4. What is the units digit of w(6)?
6
Let m(i) = i**3 + 3*i**2 + 3*i + 2. Let g be m(-2). Suppose k - 41 - 6 = 5*c, g = k - 4*c - 43. Let t = k + -9. What is the tens digit of t?
1
Suppose -5*f - b + 14 = 0, -3*b = -5*f - 4 + 2. What is the units digit of 938/77 - f/11?
2
Let l = 207 + -36. What is the hundreds digit of l?
1
Let b be ((-10)/(-8))/(1/4). Suppose 5*m + 7 = -o, 0*o - 3*o = b*m + 31. What is the units digit of (-39)/o + 2/(-8)?
3
Let y be 5/3 + (-4)/(-12). Suppose -y*m = 4*g - 6, -2*m - 2*m = -12. Let o(x) = x**3 + x + 20. What is the tens digit of o(g)?
2
Let x be 0/(-10) + (-2)/1. What is the units digit of (-16)/x - (-1 - -1)?
8
Suppose 45 = 2*w + m, -73 = -2*w - w + 4*m. Let o be ((-6)/5)/((-3)/10). Suppose -5*v - 3*z + 27 = -o, -3*v + w = 4*z. What is the units digit of v?
5
What is the hundreds digit of (-4 - (-20)/6)/((-1)/333)?
2
Let q = -14 + 20. Suppose 5*f = q - 26. Let g = -3 - f. What is the units digit of g?
1
Let l(a) = a**2 - 3*a + 1. Let f be l(4). Let o = f + -4. What is the units digit of o?
1
Suppose 6*q - q + 40 = 0. What is the tens digit of q/(-20)*(-240)/(-4)?
2
Suppose 9*d = 4*d + 15. Suppose -10 = -d*o + o. Suppose o*h = -10 + 75. What is the units digit of h?
3
Let f(g) be the second derivative of -1/6*g**3 + 0 + 3/2*g**2 + g. What is the units digit of f(2)?
1
Suppose 4*b - 162 = 110. What is the tens digit of b?
6
Let j = -5 - -44. What is the units digit of j?
9
Let h(a) = a**2 + 9*a + 19. What is the units digit of h(-6)?
1
Suppose 3*y + 40 = 5*h - 2*y, 5*h + 2*y - 12 = 0. Suppose -11 - h = 5*u. What is the units digit of u*(-2)/6 + 2?
3
Suppose j = -4 + 2. Let s be 69/6 - j/4. Suppose 3*b - s = 3. What is the units digit of b?
5
Let x be (39/(-52))/(2/(-8)). What is the tens digit of (2/x)/(4/96)?
1
Suppose 4 + 16 = v - 4*a, -4*v - a + 46 = 0. Suppose 3*i + 2*u - 19 = u, 28 = 5*i - 2*u. Let w = v - i. What is the units digit of w?
6
Let c(j) = 72*j**3 + j**2. What is the units digit of c(1)?
3
Suppose -5*p = 5, 4*p + 0*p + 16 = -4*t. Let h = t + 1. What is the units digit of (1 - h - -1) + -1?
3
Let w = -1 - -1. Let f be (-8)/(-5) + 2/5. Suppose w*y - 18 = -f*y. What is the units digit of y?
9
Let f(b) = 3*b**2 - 2*b - 6. What is the units digit of f(5)?
9
Let h(y) = -y**2 + 5*y - 2. Let k be h(2). Suppose -4*d + 28 = -4*j, k = 2*d - 3*j - 5. What is the units digit of d?
2
Suppose -3*a = -12, 4*d - 250 = -3*a + 46. What is the units digit of d?
1
What is the tens digit of 3 - 0 - (-62 - 13)?
7
Let c = 36 + 50. What is the tens digit of c?
8
What is the units digit of 18/(-10)*(-6 - 19)?
5
Let z = 259 - 102. What is the tens digit of z?
5
Let d(p) = -p - 4. Let a be d(-5). Suppose a = -j - h, -4*j + 0*h = 3*h. Suppose j*y = 5*y - 10. What is the units digit of y?
5
Let l = 5 - -10. Suppose 2*w - 3*v = -l, -w = w - 4*v + 20. Let q = w - -1. What is the units digit of q?
1
Let b = -8 - -5. Let a(i) = -i**3 - 3*i**2 - 2*i + 3. What is the units digit of a(b)?
9
Suppose -n + 29 = -10. What is the units digit of n?
9
Let p(f) = -2 + 2*f - 2*f**2 - 4*f + 5*f**2. What is the tens digit of p(-2)?
1
Let y be (-1 - 2*-1) + 16. Suppose 22 = 4*v - 3*l, -4*l - l + y = v. What is the units digit of v?
7
Let x(j) = -1 + 7 - 7*j - j**2 + 5 + 1. What is the units digit of x(-5)?
2
Let w = 15 - 12. Suppose 22 = y + w*f, 3*y - f - 34 - 32 = 0. What is the units digit of y?
2
Let o = 95 - -24. What is the hundreds digit of o?
1
Let y(o) = -o**2 - 27*o - 33. What is the units digit of y(-16)?
3
Let u = -6 + 6. Suppose 5*h - 15 = d, 3*h + u*d - 4*d = -8. What is the units digit of h?
4
Let w be (-3 + 4)/((-1)/(-10)). Suppose -k = -4*n - w, -4*k = -7*k + 3*n + 3. What is the units digit of ((-28)/k)/((-8)/(-4))?
7
Let d(v) = -5*v + 7. Let r(j) = -14*j + 21. Let m(z) = -11*d(z) + 4*r(z). What is the units digit of m(6)?
1
Let r be ((-4)/(-10))/((-1)/(-5)). Suppose r*s + s = 12. Suppose 0*a + 64 = s*a. What is the units digit of a?
6
Let w(u) = u**3 + 4*u**2 + 2*u + 2. Let k be w(-3). Suppose -2*n + k*x = 3*n - 20, 0 = -2*n + x + 6. Let p = 11 - n. What is the units digit of p?
9
Let y = -98 - -191. What is the tens digit of y?
9
What is the tens digit of 1338/78 - 4/26?
1
Let k(h) = -71*h**3 - h**2 + 2*h - 2. Let n be k(-2). What is the units digit of (n/27)/(2/3)?
1
Suppose 0 = c + 5*c - 390. What is the tens digit of c?
6
Suppose 4*v - 47 = 17. What is the tens digit of v?
1
What is the units digit of (2 + 1 - 5)*-11?
2
Let a be 6/5*15/6. Suppose -4*i - 4 = -0, 107 = 5*k + a*i. Suppose 3*q = -5*f - 0*f + 23, 0 = -2*q - 5*f + k. What is the units digit of q?
1
Let n = 9 - 4. Suppose -4*s - n*h + 59 = -0*h, -2*s + 3*h = -13. What is the units digit of s?
1
Let j = -48 - -33. Let l = 15 - j. What is the units digit of l?
0
Let f = 11 + -13. What is the units digit of (-1)/(f/20) - 0?
0
Let b(f) = -f**3 - f + 5*f**2 - 5*f**2 + 3*f + 4*f**2. What is the units digit of b(4)?
8
Suppose 2*m - 75 = -j + m, 2*j - m - 141 = 0. What is the tens digit of j?
7
Let s = 10 - 5. What is the units digit of s?
5
Let z(c) = c - 11 + 2*c**3 - 3*c**3 + 5*c**2 + 6. Let g(s) = -3*s + 1. Let n be g(-1). What is the tens digit of z(n)?
1
Let i be 114 + -3 + 1 + 1. Suppose -5*t + 3*x = -112, 4*t = -t + 2*x + i. What is the tens digit of t?
2
Suppose -4*y - 7 + 39 = 0. What is the units digit of y?
8
Suppose -3*v + 3*d = 21, 10 + 1 = 2*v + 3*d. What is the units digit of 30 - (2 + 0) - v?
0
Suppose 4*j + 11 = p, 0 = 4*j - 5*j - 3*p - 19. Let v be (j/(-5))/(4/(-100)). Let k = v + 35. What is the tens digit of k?
1
Suppose 5*n - 3 = 2*o - 4, -o - 2*n + 14 = 0. Suppose 4*q = 3*p + 3, 4*q - 6*q = -3*p - 9. Let s = q + o. What is the units digit of s?
5
Let p(z) = -z + 1. Let x(l) = l**2 + 9*l - 13. Let g(u) = 5*p(u) + x(u). What is the units digit of g(-6)?
4
Let r(u) = -8*u - 1. Suppose -3*m + 52 = 5*t, 2*t = -0*t - 4*m + 32. Let n be 2/(-10) + t/(-10). What is the units digit of r(n)?
7
Let w(h) = -2*h + 2. Let u be w(-4). Suppose v - 5 + 9 = 0. Let y = v + u. What is the units digit of y?
6
Let w(b) = -3*b. Let t be w(-2). Let l(o) = 3*o - 7. What is the units digit of l(t)?
1
Let h(d) = -2*d + 4. Let a be h(-6). What is the units digit of (-9 - -13) + a + 1?
1
Let l be -3*6*(-5)/10. What is the tens digit of l + (11 + -2)/3?
1
Let j = 54 + -109. Let f = -32 - j. What is the units digit of f?
3
Let o(w) = -w**3 + 3*w**2 + 3*w + 4. Let m be o(3). Let h = m - 7. What is the units digit of h?
6
Let x(i) = i**2 + 14*i - 20. What is the tens digit of x(-17)?